{"id":366,"date":"2025-08-20T12:08:02","date_gmt":"2025-08-20T10:08:02","guid":{"rendered":"https:\/\/finanziario.tech\/?page_id=366"},"modified":"2025-08-25T18:48:47","modified_gmt":"2025-08-25T16:48:47","slug":"cookie-policy","status":"publish","type":"page","link":"https:\/\/finanziario.tech\/index.php\/cookie-policy\/","title":{"rendered":"cookie-policy"},"content":{"rendered":"[et_pb_section fb_built=&#8221;1&#8243; fullwidth=&#8221;on&#8221; admin_label=&#8221;Page Header&#8221; _builder_version=&#8221;4.27.4&#8243; background_enable_image=&#8221;off&#8221; parallax=&#8221;on&#8221; bottom_divider_style=&#8221;mountains2&#8243; bottom_divider_color=&#8221;#FFFFFF&#8221; bottom_divider_height=&#8221;50px&#8221; bottom_divider_repeat=&#8221;1x&#8221; locked=&#8221;off&#8221; global_colors_info=&#8221;{}&#8221;][et_pb_fullwidth_slider _builder_version=&#8221;4.27.4&#8243; _module_preset=&#8221;default&#8221; header_font=&#8221;Montserrat|500|||||||&#8221; body_font=&#8221;Lato||||||||&#8221; background_enable_video_mp4=&#8221;off&#8221; global_colors_info=&#8221;{}&#8221;][et_pb_slide heading=&#8221;Cookie Policy&#8221; _builder_version=&#8221;4.27.4&#8243; _module_preset=&#8221;default&#8221; header_font=&#8221;Montserrat|500||on|||||&#8221; header_letter_spacing=&#8221;10px&#8221; background_enable_color=&#8221;off&#8221; background_image=&#8221;https:\/\/finanziario.tech\/wp-content\/uploads\/2025\/06\/corporate_15.jpeg&#8221; background_enable_image=&#8221;on&#8221; background_enable_video_mp4=&#8221;off&#8221; global_colors_info=&#8221;{}&#8221; sticky_transition=&#8221;on&#8221;][\/et_pb_slide][\/et_pb_fullwidth_slider][\/et_pb_section][et_pb_section fb_built=&#8221;1&#8243; admin_label=&#8221;section&#8221; _builder_version=&#8221;4.27.4&#8243; custom_padding=&#8221;||8%||false|false&#8221; locked=&#8221;off&#8221; global_colors_info=&#8221;{}&#8221;][et_pb_row admin_label=&#8221;row&#8221; _builder_version=&#8221;4.16&#8243; background_size=&#8221;initial&#8221; background_position=&#8221;top_left&#8221; background_repeat=&#8221;repeat&#8221; global_colors_info=&#8221;{}&#8221;][et_pb_column type=&#8221;4_4&#8243; _builder_version=&#8221;4.16&#8243; custom_padding=&#8221;|||&#8221; global_colors_info=&#8221;{}&#8221; custom_padding__hover=&#8221;|||&#8221;][et_pb_text admin_label=&#8221;Text&#8221; _builder_version=&#8221;4.27.4&#8243; text_font_size=&#8221;16px&#8221; header_2_font=&#8221;Lato||||||||&#8221; header_3_font=&#8221;Lato||||||||&#8221; background_size=&#8221;initial&#8221; background_position=&#8221;top_left&#8221; background_repeat=&#8221;repeat&#8221; hover_enabled=&#8221;0&#8243; global_colors_info=&#8221;{}&#8221; sticky_enabled=&#8221;0&#8243;]<p><\/p>\n<h2 class=\"wp-block-heading\" style=\"font-weight: 400;\"><strong>Uso dei cookie<\/strong><\/h2>\n<p style=\"font-weight: 400;\">Il sito utilizza esclusivamente cookie tecnici, necessari al corretto funzionamento delle funzionalit\u00e0 e per garantire una navigazione ottimale agli utenti.<\/p>\n<h3 style=\"font-weight: 400;\">Cosa sono i cookie<\/h3>\n<p style=\"font-weight: 400;\">Si tratta di piccoli file di testo memorizzati sul dispositivo dell\u2019utente durante la navigazione, che consentono al sito di funzionare in modo corretto e di mantenere attive alcune funzionalit\u00e0 essenziali.<\/p>\n<h3 style=\"font-weight: 400;\">Tipologia di cookie utilizzati<\/h3>\n<ul>\n<li style=\"font-weight: 400;\"><strong>Cookie di sessione: <\/strong>per mantenere attiva la sessione di navigazione<u><\/u><\/li>\n<li style=\"font-weight: 400;\"><strong>Cookie tecnici: <\/strong>per la gestione del modulo di richiesta consulenza, necessari al corretto invio ed elaborazione delle informazioni inserite<\/li>\n<li style=\"font-weight: 400;\"><strong>Cookie di terze parti: <\/strong>Durante la navigazione di questo sito l\u2019utente potrebbe ricevere cookie da servizi esterni gestiti da soggetti terzi. Si tratta, ad esempio, di componenti integrati nelle pagine web quali social plugin (Facebook, Instagram, LinkedIn, ecc.) oppure di sistemi per la riproduzione o visualizzazione di contenuti multimediali (YouTube, Vimeo, Flickr, ecc.). Questi cookie sono generati e gestiti direttamente dai fornitori terzi dei servizi integrati. L\u2019utilizzo e la gestione delle informazioni raccolte sono quindi disciplinati dalle rispettive informative sulla privacy e cookie policy, alle quali si invita l\u2019utente a far riferimento. Per maggiori dettagli, si raccomanda di consultare direttamente le pagine di informativa e le opzioni di gestione dei cookie messe a disposizione dalle singole piattaforme terze utilizzate.<\/li>\n<\/ul>\n<p>&nbsp;<\/p>\n<h3 style=\"font-weight: 400;\">Consenso all\u2019utilizzo<\/h3>\n<p style=\"font-weight: 400;\">Poich\u00e9 vengono utilizzati esclusivamente cookie tecnici, non \u00e8 richiesto il consenso esplicito tramite banner o pop-up. La prosecuzione della navigazione \u00e8 di fatto considerata accettazione sottintesa all\u2019uso di tali cookie.<\/p>\n<h3>Durata dei cookie<\/h3>\n<p>Alcuni cookie (cookie di sessione) restano attivi solo fino alla chiusura del browser o all\u2019esecuzione dell\u2019eventuale comando di logout. Altri cookie \u201csopravvivono\u201d alla chiusura del browser e sono disponibili anche in successive visite dell\u2019utente. Questi cookie sono detti persistenti e la loro durata \u00e8 fissata dal server al momento della loro creazione. In alcuni casi \u00e8 fissata una scadenza, in altri casi la durata \u00e8 illimitata.<\/p>\n<p>&nbsp;<\/p>\n<h3 style=\"font-weight: 400;\">Gestione e disattivazione dei cookie<\/h3>\n<p style=\"font-weight: 400;\">Resta comunque facolt\u00e0 dell\u2019utente disabilitare i cookie tramite le impostazioni del proprio browser. \u00c8 opportuno segnalare che la disattivazione dei cookie tecnici pu\u00f2 limitare o compromettere alcune funzionalit\u00e0 del sito, in particolare la gestione della richiesta di consulenza online.<\/p>\n<p style=\"font-weight: 400;\"><\/p>[\/et_pb_text][\/et_pb_column][\/et_pb_row][\/et_pb_section]","protected":false},"excerpt":{"rendered":"<p>Uso dei cookie Il sito utilizza esclusivamente cookie tecnici, necessari al corretto funzionamento delle funzionalit\u00e0 e per garantire una navigazione ottimale agli utenti. Cosa sono i cookie Si tratta di piccoli file di testo memorizzati sul dispositivo dell\u2019utente durante la navigazione, che consentono al sito di funzionare in modo corretto e di mantenere attive alcune [&hellip;]<\/p>\n","protected":false},"author":1,"featured_media":0,"parent":0,"menu_order":0,"comment_status":"closed","ping_status":"closed","template":"","meta":{"_et_pb_use_builder":"on","_et_pb_old_content":"<!-- wp:paragraph -->\n<p> <a href=\"https:\/\/bancasistema.it\/trasparenza\">Trasparenza bancaria<\/a> <\/p>\n<!-- \/wp:paragraph -->","_et_gb_content_width":"","footnotes":""},"class_list":["post-366","page","type-page","status-publish","hentry"],"_links":{"self":[{"href":"https:\/\/finanziario.tech\/index.php\/wp-json\/wp\/v2\/pages\/366","targetHints":{"allow":["GET"]}}],"collection":[{"href":"https:\/\/finanziario.tech\/index.php\/wp-json\/wp\/v2\/pages"}],"about":[{"href":"https:\/\/finanziario.tech\/index.php\/wp-json\/wp\/v2\/types\/page"}],"author":[{"embeddable":true,"href":"https:\/\/finanziario.tech\/index.php\/wp-json\/wp\/v2\/users\/1"}],"replies":[{"embeddable":true,"href":"https:\/\/finanziario.tech\/index.php\/wp-json\/wp\/v2\/comments?post=366"}],"version-history":[{"count":8,"href":"https:\/\/finanziario.tech\/index.php\/wp-json\/wp\/v2\/pages\/366\/revisions"}],"predecessor-version":[{"id":4267,"href":"https:\/\/finanziario.tech\/index.php\/wp-json\/wp\/v2\/pages\/366\/revisions\/4267"}],"wp:attachment":[{"href":"https:\/\/finanziario.tech\/index.php\/wp-json\/wp\/v2\/media?parent=366"}],"curies":[{"name":"wp","href":"https:\/\/api.w.org\/{rel}","templated":true}]}}